{"id":99,"date":"2017-10-12T00:35:25","date_gmt":"2017-10-11T22:35:25","guid":{"rendered":"http:\/\/psy-seilh.fr\/?page_id=99"},"modified":"2024-10-14T11:26:19","modified_gmt":"2024-10-14T09:26:19","slug":"parcours","status":"publish","type":"page","link":"https:\/\/psy-seilh.fr\/index.php\/parcours\/","title":{"rendered":"Parcours"},"content":{"rendered":"<p>Apr\u00e8s un cycle d\u2019\u00e9tudes sup\u00e9rieures artistiques qui m\u2019ont amen\u00e9 \u00e0 travailler la pr\u00e9sence sc\u00e9nique, l\u2019intelligence \u00e9motionnelle et la psychop\u00e9dagogie, je me suis naturellement dirig\u00e9e vers la Psychologie, la Psychoth\u00e9rapie et l\u2019Art-th\u00e9rapie.<\/p>\n<p>Parall\u00e8lement \u00e0 mon activit\u00e9 de psychologue, je suis \u00e9galement enseignante vacataire \u00e0 l&rsquo;Universit\u00e9 Lumi\u00e8re Lyon II dans le domaine de la psychologie clinique.<\/p>\n<p>J\u2019interviens \u00e9galement \u00e0 l\u2019ASTI (Association de Sant\u00e9 au Travail de Toulouse ) et dans le cadre du DU \u00abSoin Relationnel en Sant\u00e9 Mentale\u00bb \u00e0 l\u2019Universit\u00e9 de Toulouse Jean Jaur\u00e8s.<\/p>\n<p><strong>Formation en Psychologie<\/strong><\/p>\n<ul>\n<li>Master 2 Psychologie \u2013 Psychopathologie Clinique \u2013 Universit\u00e9 Lumi\u00e8re Lyon II \u2013 Mention Tr\u00e8s Bien.<\/li>\n<li>Titre de Psychologue Clinicienne<\/li>\n<li>Formation en psychologie du travail \u2013 CNAM<\/li>\n<\/ul>\n<p><strong>Formation en Art-Th\u00e9rapie<\/strong><\/p>\n<ul>\n<li>Dipl\u00f4me d\u2019Universit\u00e9 de Psychiatrie, Psychoth\u00e9rapies M\u00e9diatis\u00e9es et Cr\u00e9ativit\u00e9 \u2013 Universit\u00e9 de Toulouse III<\/li>\n<li>Dipl\u00f4me d\u2019Universit\u00e9 d\u2019Art-Th\u00e9rapie\u00a0\u2013 Universit\u00e9 de Toulouse II \u2013 Mention Tr\u00e8s Bien<\/li>\n<\/ul>\n<p><strong>Parcours Artistique<\/strong><\/p>\n<ul>\n<li>Master\u00a0Sp\u00e9cialis\u00e9. \u00a0Conservatoire Royal de Musique de Bruxelles. \u00c9cole sup\u00e9rieure des Arts<\/li>\n<\/ul>\n<p><strong>Formation en Psychop\u00e9dagogie<\/strong><\/p>\n<ul>\n<li>Dipl\u00f4me d\u2019Etat de Professeur de Musique \u2013 CEFEDEM de Lorraine<\/li>\n<\/ul>\n","protected":false},"excerpt":{"rendered":"<p>Apr\u00e8s un cycle d\u2019\u00e9tudes sup\u00e9rieures artistiques qui m\u2019ont amen\u00e9 \u00e0 travailler la pr\u00e9sence sc\u00e9nique, l\u2019intelligence \u00e9motionnelle et la psychop\u00e9dagogie, je me suis naturellement dirig\u00e9e vers la Psychologie, la Psychoth\u00e9rapie et l\u2019Art-th\u00e9rapie. Parall\u00e8lement \u00e0 mon activit\u00e9 de psychologue, je suis \u00e9galement&hellip; <\/p>\n","protected":false},"author":1,"featured_media":0,"parent":0,"menu_order":5,"comment_status":"closed","ping_status":"closed","template":"","meta":[],"_links":{"self":[{"href":"https:\/\/psy-seilh.fr\/index.php\/wp-json\/wp\/v2\/pages\/99"}],"collection":[{"href":"https:\/\/psy-seilh.fr\/index.php\/wp-json\/wp\/v2\/pages"}],"about":[{"href":"https:\/\/psy-seilh.fr\/index.php\/wp-json\/wp\/v2\/types\/page"}],"author":[{"embeddable":true,"href":"https:\/\/psy-seilh.fr\/index.php\/wp-json\/wp\/v2\/users\/1"}],"replies":[{"embeddable":true,"href":"https:\/\/psy-seilh.fr\/index.php\/wp-json\/wp\/v2\/comments?post=99"}],"version-history":[{"count":53,"href":"https:\/\/psy-seilh.fr\/index.php\/wp-json\/wp\/v2\/pages\/99\/revisions"}],"predecessor-version":[{"id":497,"href":"https:\/\/psy-seilh.fr\/index.php\/wp-json\/wp\/v2\/pages\/99\/revisions\/497"}],"wp:attachment":[{"href":"https:\/\/psy-seilh.fr\/index.php\/wp-json\/wp\/v2\/media?parent=99"}],"curies":[{"name":"wp","href":"https:\/\/api.w.org\/{rel}","templated":true}]}}